)?
7, 19
List the prime factors of (-18)/(-6) - 121*-1.
2, 31
Suppose 3*z - 4 = z. What are the prime factors of (0/2 - -26)/z?
13
Let u(o) = o**2 + 9*o + 3. Let f be u(-8). Let k(b) = -b**2 - 7*b - 6. List the prime factors of k(f).
2
Suppose -5*j - 22 = -7, 0 = 4*t - 3*j - 37. What are the prime factors of t?
7
Let t be 1/(-6) - 2/(-12). Suppose 0 = -4*i - 5*h + 103, t*h - 3*h - 13 = -i. Suppose -a + r = -i, 2*a + 3*r - r - 48 = 0. What are the prime factors of a?
23
Let m = 13 + 4. What are the prime factors of m?
17
Let h(l) = l**3 + 3*l**2 - 3*l - 2. What are the prime factors of h(-3)?
7
Suppose g + 0 + 4 = 0, 0 = -p + 2*g + 12. Let a(q) = 4 + 9 - p*q + 3*q. List the prime factors of a(10).
3
Suppose -m - m = -30. Suppose 0*b + 2*k = b + 9, 51 = -5*b + 4*k. Let u = m + b. List the prime factors of u.
2
Let n(w) = 3*w**2 + 6*w + 10. List the prime factors of n(-4).
2, 17
Suppose 4*s - 7 - 1 = 0. List the prime factors of -2*(-23)/s - 3.
2, 5
Suppose 3*w - z = 85, 2*w + 3*w = 4*z + 144. List the prime factors of w.
2, 7
Let q(g) = -g**3 + 6*g**2 + 9*g - 2. Let r be q(7). What are the prime factors of (2 + 4/6)*r?
2
Suppose 2*w = -3*w + 25. Suppose -22 = -v + 2*z, 0 = w*v - z + 2*z - 121. Suppose -5*h = -7*h + v. List the prime factors of h.
2, 3
Suppose 36 = 4*w + 3*b, 3*w + b + 8 = 5*w. Let t = -8 - -26. Let z = t - w. What are the prime factors of z?
2, 3
Suppose 0 = 2*x + 3*x - 2*t - 453, -4*t = 4*x - 340. What are the prime factors of x?
89
Suppose 2*w - 17 + 3 = -3*t, -4*t + 32 = -4*w. Let j = t - -10. What are the prime factors of j?
2
Suppose 0*x + 110 = 2*x. What are the prime factors of x?
5, 11
Suppose 22 = -7*k + 9*k. List the prime factors of k.
11
Let h(m) = -m**3 + 8*m**2 + 9. What are the prime factors of h(6)?
3
Let v be (-1)/(-3)*(26 - 5). Suppose 0 = -3*o - 3*p, -2*p - 5 = -2*o + v. What are the prime factors of 14 + (-3)/(3/o)?
11
Let h(f) = f**2 + 4*f + 19. What are the prime factors of h(-5)?
2, 3
Let l(o) = 2*o + 7. Let c be l(-3). Suppose -4*q = -4*t - 100, 3*t - 4 = -q + c. List the prime factors of q.
2, 5
What are the prime factors of (388/(-6))/(14/(-63))?
3, 97
Suppose u + 2*j - 96 = -3*j, 5*j = -2*u + 212. What are the prime factors of 2/(-4) - u/(-8)?
2, 7
Suppose -f + 4*w = -77, 0 = 3*f - f + w - 154. List the prime factors of f.
7, 11
Let g(n) = n**3 + 20*n**2 + 4*n + 22. Let w be g(-20). Let l = -17 - w. List the prime factors of l.
41
Let z(g) = 2*g - 1. Let r be z(-3). Let w = r - -35. Suppose 5*o = 128 - w. List the prime factors of o.
2, 5
Suppose 2*g + 33 = d, -4*d = g - 6*g - 120. List the prime factors of d.
5
Suppose u - 3*u + 54 = -2*x, -4*u = -20. Let f = 38 + x. List the prime factors of f.
2
Suppose -3*g - 124 = -g. Let v = 105 + g. List the prime factors of v.
43
Let t be (5 + -5)/(0 - 2). Let f = -12 + 17. Suppose -f*l + 70 = -t*l. List the prime factors of l.
2, 7
Suppose 2*z - 8 = 0, 5*z = -3*x + 7*x - 36. Let n = 30 - 6. Let w = n - x. What are the prime factors of w?
2, 5
Suppose -4*k + 3*d = 29, -2*k + 0*d - 5*d + 5 = 0. Let v(b) be the first derivative of -b**2 + 2*b + 1. What are the prime factors of v(k)?
2, 3
What are the prime factors of (-1239)/(-66)*14 - 2/(-11)?
263
Suppose -4*p + b + 15 = -2*b, 4*p - 13 = b. Let c be (7/p - 3)*-3. Suppose -3*k + c*g + 32 = 0, g = -4*k - 0*g + 28. What are the prime factors of k?
2
Let b(d) = -d + 2. Let p(o) = o**3 - 4*o**2 - o + 4. Let r be p(4). Let k be b(r). Suppose k*t - 1 = 3. List the prime factors of t.
2
Let j = 13 + 72. Let y = j - 60. List the prime factors of y.
5
Let k(b) = 7*b - 10. What are the prime factors of k(7)?
3, 13
Suppose -13 = -5*p - n, -2*n + 8 = 5*p - 3. Let i be (-56)/(-12) - (-1)/p. Suppose -20 = i*j - 80. List the prime factors of j.
2, 3
Suppose 3*u = -1 + 37. What are the prime factors of u?
2, 3
What are the prime factors of -85 + 84 + 1 + 0 + 258?
2, 3, 43
Let u = 8 + 2. Suppose -4*l + u = -3*z, -2*z + 0*l = 3*l + 1. List the prime factors of (-8 + 2 + z)/(-2).
2
Suppose 80 = 3*i - 106. What are the prime factors of i?
2, 31
Let k(h) = -h + 6. Let x be k(10). List the prime factors of ((-1)/3)/(x/180).
3, 5
List the prime factors of (-1 + 4)*88/6.
2, 11
Let l be (-55)/45 + 2/9. Let f be (-30)/((-3)/(-2)*l). Let m = f + -13. What are the prime factors of m?
7
Let a be 9/2*2/3. Suppose a*y - 108 = -3*b, -b + 31 = 4*y - 14. Suppose 3*f + j - 19 = 0, -4*f - 3*j + b = f. List the prime factors of f.
2, 3
Suppose p + 3*p + 5*k + 31 = 0, -p - 13 = -4*k. Suppose -s + 5*s = 12. Let n = s - p. List the prime factors of n.
2, 3
Let j be 6 - (-2)/(-2 - 0). Let t be (2 + -12)*(-2)/j. What are the prime factors of ((-3)/t)/(4/(-16))?
3
Let r(j) = -j**2 + 11*j - 15. List the prime factors of r(7).
13
Let p be 2 - 1/(-2)*6. Suppose p - 189 = -4*u - 4*r, r = -2*u + 89. List the prime factors of u.
43
Suppose 0 = -0*p + 3*p - 255. List the prime factors of p.
5, 17
Suppose 0 = 3*j - 0*k - 5*k + 1, -5*j - 2*k + 19 = 0. Let r be 3/(-12) - 21/(-4). Suppose 4*x - j*x - r = 0. List the prime factors of x.
5
Let h = 94 + -2. List the prime factors of h.
2, 23
What are the prime factors of 1/((-2)/(-7) + (-330)/1204)?
2, 43
Let m = -459 + 705. List the prime factors of m.
2, 3, 41
Let z = -376 + 632. List the prime factors of z.
2
Let d(l) = 3*l**2 + l - 1. Let c be d(1). Let u = c - -8. List the prime factors of u.
11
Let d(h) be the first derivative of -h**3/3 - 9*h**2/2 + h - 4. Let m(f) be the first derivative of d(f). What are the prime factors of m(-7)?
5
Let n(x) = 3*x**2 - 3*x + 7. What are the prime factors of n(-5)?
97
Let h = -16 - -20. Suppose -9*f + 60 = -h*f. What are the prime factors of f?
2, 3
Let i = -1 + 28. List the prime factors of i.
3
Let p be 8 + (8 - -1)/(-3). Suppose 4 = p*l - 36. What are the prime factors of l?
2
Let f = -14 + 21. List the prime factors of f.
7
List the prime factors of (-321)/(-21) + 10/(-35).
3, 5
Suppose -2*m - 50 = -3*h + 104, 3*m + 56 = h. Suppose 6*b = b + h. Let w = -6 + b. What are the prime factors of w?
2
Let y(f) = -f + 3. Let u(m) = -m - 4. Let s be u(3). Let v be y(s). What are the prime factors of (-276)/(-14) - v/(-35)?
2, 5
Let a(q) = -q**2 - 15*q - 11. Let z be (-2)/(-13) - (-948)/(-78). List the prime factors of a(z).
5
Suppose -2*c + 120 - 8 = 0. Let r = c + -40. List the prime factors of r.
2
Suppose 0 = -15*t + 13*t + 148. List the prime factors of t.
2, 37
Let w be 143/4 + 2/8. Suppose -w = -3*f - f. List the prime factors of f.
3
List the prime factors of (-98)/(-3) - 1/(-3).
3, 11
Let f(j) = -j**3 + 8*j**2 - 6*j - 10. Let m be f(7). Let c(b) = -b**3 - 4*b**2 - 4*b - 3. Let l be c(m). Suppose l = 3*o - 26 - 13. List the prime factors of o.
13
Let q(u) = 3*u + 37. What are the prime factors of q(11)?
2, 5, 7
Let h = 45 - -4. What are the prime factors of h?
7
Let d be -3*(2 + -4 - -1). Suppose 2*j - 3 = d. What are the prime factors of j?
3
Let q = -8 - -10. Let n = q - 1. What are the prime factors of 3*n/(3/11)?
11
Suppose 2*x = -15 + 105. Suppose 3*z = -3*c + x, -22 - 10 = -2*c - 4*z. Suppose -c = -5*l + 41. List the prime factors of l.
11
Let u = 108 + -102. List the prime factors of u.
2, 3
Let n(x) = -x**2 - 13*x + 3. List the prime factors of n(-13).
3
Let i(b) = -b**3 - 31*b**2 + 31*b + 62. What are the prime factors of i(-32)?
2, 47
Suppose 2 = -0*p + p. Suppose -r + 16 = -x + p*x, 2*r - x - 47 = 0. Suppose 3*v = 2*v + r. List the prime factors of v.
3, 7
Let y(q) = 2*q**2 - 9. Let z = -21 + 16. What are the prime factors of y(z)?
41
Let a(f) = -2*f + 13*f + 10*f**2 - 3*f + 0 + f**3 + 3. What are the prime factors of a(-9)?
2, 3
Let g(y) = 0*y - 1 + y + 0*y. Let l be g(-5). Let u = -4 - l. What are the prime factors of u?
2
Suppose 2*b = -0*b - 38. Let c = b - -31. What are the prime factors of c?
2, 3
Suppose -2*i - 2*i = -2*a + 24, -3*i = 12. Suppose -2*y + 3*y - h - 12 = 0, -y + 12 = -a*h. List the prime factors of y.
2, 3
Let o(s) be the first derivative of -s**4/4 + 5*s**3 - 11*s**2/2 - 20*s - 6. What are the prime factors of o(14)?
2, 11
Let x(p) = p**2 - 2. Let d be (1 - 2)/1 - 1. Let z be x(d). Let g(k) = k**2 + k + 2. List the prime factors of g(z).
2
Let t(r) = 3*r + 6. Let p be t(-2). Let v(c) = c**3 - 7*c**2 + 3*c + 6. Let i be v(7). Suppose p = 